{"id":183,"date":"2016-05-29T14:46:05","date_gmt":"2016-05-29T14:46:05","guid":{"rendered":"http:\/\/keinesweibesknecht.de\/?page_id=183"},"modified":"2023-05-15T19:12:13","modified_gmt":"2023-05-15T19:12:13","slug":"galerie","status":"publish","type":"page","link":"https:\/\/keinesweibesknecht.de\/?page_id=183","title":{"rendered":"Galerie"},"content":{"rendered":"<p style=\"text-align: right;\"><img data-attachment-id=\"2152\" data-permalink=\"https:\/\/keinesweibesknecht.de\/?attachment_id=2152\" data-orig-file=\"https:\/\/keinesweibesknecht.de\/wp-content\/uploads\/2021\/08\/Header-KWK-neu15.png\" data-orig-size=\"1280,550\" data-comments-opened=\"1\" data-image-meta=\"{&quot;aperture&quot;:&quot;0&quot;,&quot;credit&quot;:&quot;&quot;,&quot;camera&quot;:&quot;&quot;,&quot;caption&quot;:&quot;&quot;,&quot;created_timestamp&quot;:&quot;0&quot;,&quot;copyright&quot;:&quot;&quot;,&quot;focal_length&quot;:&quot;0&quot;,&quot;iso&quot;:&quot;0&quot;,&quot;shutter_speed&quot;:&quot;0&quot;,&quot;title&quot;:&quot;&quot;,&quot;orientation&quot;:&quot;0&quot;}\" data-image-title=\"Header-KWK-neu15\" data-image-description=\"\" data-image-caption=\"\" data-medium-file=\"https:\/\/keinesweibesknecht.de\/wp-content\/uploads\/2021\/08\/Header-KWK-neu15-300x129.png\" data-large-file=\"https:\/\/keinesweibesknecht.de\/wp-content\/uploads\/2021\/08\/Header-KWK-neu15-845x363.png\" decoding=\"async\" loading=\"lazy\" class=\"size-full wp-image-2152 alignright\" src=\"https:\/\/keinesweibesknecht.de\/wp-content\/uploads\/2021\/08\/Header-KWK-neu15.png\" alt=\"\" width=\"1280\" height=\"550\" srcset=\"https:\/\/keinesweibesknecht.de\/wp-content\/uploads\/2021\/08\/Header-KWK-neu15.png 1280w, https:\/\/keinesweibesknecht.de\/wp-content\/uploads\/2021\/08\/Header-KWK-neu15-300x129.png 300w, https:\/\/keinesweibesknecht.de\/wp-content\/uploads\/2021\/08\/Header-KWK-neu15-845x363.png 845w\" sizes=\"(max-width: 1280px) 100vw, 1280px\" \/>Die Links zu den Bildergalerien verweisen auf &#8222;Googel-Fotos&#8220; und \u00f6ffnen sich in einem neuen Tab.<\/p>\n<h1><strong>2021<\/strong><\/h1>\n<ul>\n<li><a href=\"https:\/\/photos.app.goo.gl\/Qwkdjp7L6zKuJj1u5\" target=\"_blank\" rel=\"noopener noreferrer\"><img data-attachment-id=\"2013\" data-permalink=\"https:\/\/keinesweibesknecht.de\/?attachment_id=2013\" data-orig-file=\"https:\/\/keinesweibesknecht.de\/wp-content\/uploads\/2021\/06\/herundlis.png\" data-orig-size=\"468,443\" data-comments-opened=\"1\" data-image-meta=\"{&quot;aperture&quot;:&quot;0&quot;,&quot;credit&quot;:&quot;&quot;,&quot;camera&quot;:&quot;&quot;,&quot;caption&quot;:&quot;&quot;,&quot;created_timestamp&quot;:&quot;0&quot;,&quot;copyright&quot;:&quot;&quot;,&quot;focal_length&quot;:&quot;0&quot;,&quot;iso&quot;:&quot;0&quot;,&quot;shutter_speed&quot;:&quot;0&quot;,&quot;title&quot;:&quot;&quot;,&quot;orientation&quot;:&quot;0&quot;}\" data-image-title=\"herundlis\" data-image-description=\"\" data-image-caption=\"\" data-medium-file=\"https:\/\/keinesweibesknecht.de\/wp-content\/uploads\/2021\/06\/herundlis-300x284.png\" data-large-file=\"https:\/\/keinesweibesknecht.de\/wp-content\/uploads\/2021\/06\/herundlis.png\" decoding=\"async\" loading=\"lazy\" class=\"alignright wp-image-2013 size-medium\" src=\"https:\/\/keinesweibesknecht.de\/wp-content\/uploads\/2021\/06\/herundlis-300x284.png\" alt=\"\" width=\"300\" height=\"284\" srcset=\"https:\/\/keinesweibesknecht.de\/wp-content\/uploads\/2021\/06\/herundlis-300x284.png 300w, https:\/\/keinesweibesknecht.de\/wp-content\/uploads\/2021\/06\/herundlis.png 468w\" sizes=\"(max-width: 300px) 100vw, 300px\" \/>Tag des Denkmals &#8211; Museum Nienburg 2021 (Bilder von PhotoGina und Andreas Iber)<\/a><\/li>\n<li><a href=\"https:\/\/photos.app.goo.gl\/r1VE9FuifbDVfHj19\" target=\"_blank\" rel=\"noopener\">Kanonierstreffen 2021 &#8211; Geschichtserlebnisraum Roter Hahn e.V.<\/a><\/li>\n<li><a href=\"https:\/\/photos.app.goo.gl\/9rqiQn3r5BcRxSQq9\" target=\"_blank\" rel=\"noopener\">Die F\u00e4nger im Roggen<\/a><\/li>\n<li><a href=\"https:\/\/photos.app.goo.gl\/ivyHFvYG2ifKuAQo9\" target=\"_blank\" rel=\"noopener\">Holm-Seppensen I &#8211; Bilder von G. H. Peters<\/a><\/li>\n<li><a href=\"https:\/\/photos.app.goo.gl\/3MAQhcCspzzfbFUQ8\" target=\"_blank\" rel=\"noopener\">Holm-Seppensen II<\/a><\/li>\n<\/ul>\n<p><strong>2019<\/strong><\/p>\n<ul>\n<li><a href=\"https:\/\/photos.app.goo.gl\/GwRkHXuN8NoyaLZYA\" target=\"_blank\" rel=\"noopener noreferrer\">Tag des Denkmals &#8211; Museum Nienburg 2019<\/a><\/li>\n<li><a href=\"https:\/\/photos.app.goo.gl\/1EH7JE9QShjGnkBb8\" target=\"_blank\" rel=\"noopener noreferrer\">Kulturwochenende Oktober im Geschichtserlebnisraum Roter Hahn e.V.<\/a><\/li>\n<li><a href=\"https:\/\/photos.app.goo.gl\/rwC59fYDQPFPT1Ry5\" target=\"_blank\" rel=\"noopener noreferrer\">20 Jahre Geschichtserlebnisraum Roter Hahn e.V. (multi epochal)<\/a><\/li>\n<li><a href=\"https:\/\/photos.app.goo.gl\/gvyUN48AgmP37d2u6\" target=\"_blank\" rel=\"noopener noreferrer\">Soester Fehde 2019<\/a><\/li>\n<li><a href=\"https:\/\/photos.app.goo.gl\/BXpe3jg56Bs6AgTN9\" target=\"_blank\" rel=\"noopener noreferrer\">Fogelvrei zu Pfingsten<\/a><\/li>\n<\/ul>\n<p><strong>2018<\/strong><\/p>\n<ul>\n<li><a href=\"https:\/\/photos.app.goo.gl\/4QdzkdcF8sTPS4z8A\" target=\"_blank\" rel=\"noopener noreferrer\">Tag des Denkmals &#8211; Museum Nienburg 2018<\/a><\/li>\n<li><a href=\"https:\/\/photos.app.goo.gl\/so1MaL91Tgvu9xxL9\" target=\"_blank\" rel=\"noopener noreferrer\">Aufbruch 2018<\/a><\/li>\n<li><a href=\"https:\/\/photos.app.goo.gl\/Ce8kmF9kYEuHjpQr5\" target=\"_blank\" rel=\"noopener noreferrer\">Th\u00f6lkes Hus, H\u00f6perh\u00f6fen &#8211; Bilder von Christina<\/a> *<\/li>\n<li><a href=\"https:\/\/photos.app.goo.gl\/vcpF8tGJNxxA3sms7\" target=\"_blank\" rel=\"noopener noreferrer\">Th\u00f6lkes Hus, H\u00f6perh\u00f6fen &#8211; Bilder von Uwe Taechl<\/a>\u00a0*<\/li>\n<li><a href=\"https:\/\/photos.app.goo.gl\/jYFzrtngAcUWJUFn6\" target=\"_blank\" rel=\"noopener noreferrer\">Mittelalterey 2018<\/a> *<\/li>\n<li><a href=\"https:\/\/photos.app.goo.gl\/R4EzP4c2CArBymsZ8\" target=\"_blank\" rel=\"noopener noreferrer\">Pulverdampf \u00fcber Nienover 2018<\/a>\u00a0*<\/li>\n<li><a href=\"https:\/\/photos.app.goo.gl\/QRG6bWQ3u3fzcAXv6\" target=\"_blank\" rel=\"noopener noreferrer\">Mittelalterhaus Nienover 2018<\/a>\u00a0*<\/li>\n<li><a href=\"https:\/\/www.lipinski.de\/portfolio\/sturmaufzons2018\/\" target=\"_blank\" rel=\"noopener\">Sturm auf Zons &#8211; Bilder von Klaus Lipinski &#8211; www.lipinski.de<\/a><\/li>\n<li><a href=\"https:\/\/www.tobias-nettekoven.de\/projekte\/2018\/sturm-auf-zons\/\" target=\"_blank\" rel=\"noopener noreferrer\">Sturm auf Zons &#8211; Bilder von Tobias Nettekoven &#8211; www.tobias-nettekoven.de\u00a0<\/a><\/li>\n<li><a href=\"https:\/\/photos.app.goo.gl\/dpDkn82ToYU777is2\" target=\"_blank\" rel=\"noopener noreferrer\">Internationaler Museumstag &#8211; Hansemuseum L\u00fcbeck<\/a> *<\/li>\n<\/ul>\n<p><strong>2017<\/strong><\/p>\n<ul>\n<li><a href=\"https:\/\/photos.app.goo.gl\/J6wOzBZjmiCw93d12\" target=\"_blank\" rel=\"noopener noreferrer\">Museum Nienburg<\/a> *<\/li>\n<li><a href=\"https:\/\/photos.app.goo.gl\/5m1LSWVjYrB77qhc2\" target=\"_blank\" rel=\"noopener noreferrer\">Aufbruch 2017<\/a> *<\/li>\n<li><a href=\"https:\/\/goo.gl\/photos\/fanubwN6Ev55Un5v9\" target=\"_blank\" rel=\"noopener noreferrer\">Mittelalter in Ohrel 2017<\/a>\u00a0*<\/li>\n<li><a href=\"https:\/\/goo.gl\/photos\/UPfHiy59WwfzDDEAA\" target=\"_blank\" rel=\"noopener noreferrer\">Soester Fehde 2017<\/a>\u00a0*<\/li>\n<li><a href=\"https:\/\/goo.gl\/photos\/eVdRL5ZBH6EWwMRZ8\" target=\"_blank\" rel=\"noopener noreferrer\">Mittelalterey 2017<\/a>\u00a0*<\/li>\n<li><a href=\"https:\/\/goo.gl\/photos\/5ZQeHwqbcQGbsdgg7\" target=\"_blank\" rel=\"noopener noreferrer\">Mittelalterhaus Nienover<\/a>\u00a0*<\/li>\n<\/ul>\n<p><strong>2016<\/strong><\/p>\n<ul>\n<li><a href=\"https:\/\/goo.gl\/photos\/Pg9QmQEfDJ3kZAvS8\" target=\"_blank\" rel=\"noopener noreferrer\">Aufbruch 2016<\/a>\u00a0*<\/li>\n<li><a href=\"http:\/\/keinesweibesknecht.de\/?page_id=1032\">Mittelalter in Ohrel<\/a><\/li>\n<li><a href=\"http:\/\/keinesweibesknecht.de\/?page_id=981\">Red Lion Challenge 2016<\/a><\/li>\n<li><a href=\"https:\/\/photos.app.goo.gl\/U2hZsBqOHUTE2hCq1\" target=\"_blank\" rel=\"noopener noreferrer\">Mittelalterey 2016<\/a>\u00a0*<\/li>\n<li><a href=\"https:\/\/goo.gl\/photos\/TW2termPhNAs9X9fA\" target=\"_blank\" rel=\"noopener noreferrer\">Sp\u00e4tmittelalter im Norden II<\/a> <strong><br \/>\n<\/strong><\/li>\n<li><a href=\"https:\/\/photos.app.goo.gl\/zubxz4xsRpALE7tm2\" target=\"_blank\" rel=\"noopener noreferrer\">Internationaler Museumstag 2016<\/a>\u00a0*<\/li>\n<li><a href=\"http:\/\/keinesweibesknecht.de\/?page_id=265\">Pfingstspektakel 2016<\/a><\/li>\n<li><a href=\"https:\/\/photos.app.goo.gl\/i3FFtfJkUfH4LPSH2\" target=\"_blank\" rel=\"noopener noreferrer\">Sp\u00e4tmittelalter im Norden I<\/a>\u00a0*<\/li>\n<\/ul>\n<p><strong>2015<\/strong><\/p>\n<ul>\n<li><a href=\"https:\/\/photos.app.goo.gl\/cEeW2WZWt7HYF9Ea2\" target=\"_blank\" rel=\"noopener noreferrer\">Blidenfest Beckdorf 2015<\/a>\u00a0*<\/li>\n<li><a href=\"https:\/\/photos.app.goo.gl\/0e5oJSffPPaXl0v93\" target=\"_blank\" rel=\"noopener noreferrer\">Aufbruch L\u00fctjenburg 2015<\/a>\u00a0*<\/li>\n<li><a href=\"https:\/\/goo.gl\/photos\/MYZ1V6eP5gXp6mPDA\" target=\"_blank\" rel=\"noopener noreferrer\">Soester Fehde 2015<\/a>\u00a0*<\/li>\n<\/ul>\n<p><strong>2014<\/strong><\/p>\n<ul>\n<li><a href=\"https:\/\/goo.gl\/photos\/21U48sxmGDGmFeif7\" target=\"_blank\" rel=\"noopener noreferrer\">Burgbelebung 2014<\/a>\u00a0*<\/li>\n<\/ul>\n<p><strong>Sonstiges<\/strong><\/p>\n<ul>\n<li><a href=\"https:\/\/goo.gl\/photos\/HHMDMvqf48Y7y1nT7\" target=\"_blank\" rel=\"noopener noreferrer\">Die alte Wachstube s\/w<\/a>\u00a0*<\/li>\n<\/ul>\n","protected":false},"excerpt":{"rendered":"<p>Die Links zu den Bildergalerien verweisen auf &#8222;Googel-Fotos&#8220; und \u00f6ffnen sich in einem neuen Tab. 2021 Tag des Denkmals &#8211; Museum Nienburg 2021 (Bilder von PhotoGina und Andreas Iber) Kanonierstreffen 2021 &#8211; Geschichtserlebnisraum Roter Hahn e.V. Die F\u00e4nger im Roggen Holm-Seppensen I &#8211; Bilder von G. H. Peters Holm-Seppensen II 2019 Tag des Denkmals &#8211; [&hellip;]<\/p>\n","protected":false},"author":1,"featured_media":0,"parent":0,"menu_order":0,"comment_status":"closed","ping_status":"closed","template":"elementor_theme","meta":{"ocean_post_layout":"","ocean_both_sidebars_style":"","ocean_both_sidebars_content_width":0,"ocean_both_sidebars_sidebars_width":0,"ocean_sidebar":"0","ocean_second_sidebar":"0","ocean_disable_margins":"on","ocean_add_body_class":"","ocean_shortcode_before_top_bar":"","ocean_shortcode_after_top_bar":"","ocean_shortcode_before_header":"","ocean_shortcode_after_header":"","ocean_has_shortcode":"","ocean_shortcode_after_title":"","ocean_shortcode_before_footer_widgets":"","ocean_shortcode_after_footer_widgets":"","ocean_shortcode_before_footer_bottom":"","ocean_shortcode_after_footer_bottom":"","ocean_display_top_bar":"default","ocean_display_header":"default","ocean_header_style":"","ocean_center_header_left_menu":"0","ocean_custom_header_template":"0","ocean_custom_logo":0,"ocean_custom_retina_logo":0,"ocean_custom_logo_max_width":0,"ocean_custom_logo_tablet_max_width":0,"ocean_custom_logo_mobile_max_width":0,"ocean_custom_logo_max_height":0,"ocean_custom_logo_tablet_max_height":0,"ocean_custom_logo_mobile_max_height":0,"ocean_header_custom_menu":"0","ocean_menu_typo_font_family":"0","ocean_menu_typo_font_subset":"","ocean_menu_typo_font_size":0,"ocean_menu_typo_font_size_tablet":0,"ocean_menu_typo_font_size_mobile":0,"ocean_menu_typo_font_size_unit":"px","ocean_menu_typo_font_weight":"","ocean_menu_typo_font_weight_tablet":"","ocean_menu_typo_font_weight_mobile":"","ocean_menu_typo_transform":"","ocean_menu_typo_transform_tablet":"","ocean_menu_typo_transform_mobile":"","ocean_menu_typo_line_height":0,"ocean_menu_typo_line_height_tablet":0,"ocean_menu_typo_line_height_mobile":0,"ocean_menu_typo_line_height_unit":"","ocean_menu_typo_spacing":0,"ocean_menu_typo_spacing_tablet":0,"ocean_menu_typo_spacing_mobile":0,"ocean_menu_typo_spacing_unit":"","ocean_menu_link_color":"","ocean_menu_link_color_hover":"","ocean_menu_link_color_active":"","ocean_menu_link_background":"","ocean_menu_link_hover_background":"","ocean_menu_link_active_background":"","ocean_menu_social_links_bg":"","ocean_menu_social_hover_links_bg":"","ocean_menu_social_links_color":"","ocean_menu_social_hover_links_color":"","ocean_disable_title":"default","ocean_disable_heading":"default","ocean_post_title":"","ocean_post_subheading":"","ocean_post_title_style":"","ocean_post_title_background_color":"","ocean_post_title_background":0,"ocean_post_title_bg_image_position":"","ocean_post_title_bg_image_attachment":"","ocean_post_title_bg_image_repeat":"","ocean_post_title_bg_image_size":"","ocean_post_title_height":0,"ocean_post_title_bg_overlay":0.5,"ocean_post_title_bg_overlay_color":"","ocean_disable_breadcrumbs":"default","ocean_breadcrumbs_color":"","ocean_breadcrumbs_separator_color":"","ocean_breadcrumbs_links_color":"","ocean_breadcrumbs_links_hover_color":"","ocean_display_footer_widgets":"default","ocean_display_footer_bottom":"default","ocean_custom_footer_template":"0","jetpack_post_was_ever_published":false},"jetpack_sharing_enabled":false,"jetpack_shortlink":"https:\/\/wp.me\/P7AkNx-2X","jetpack_likes_enabled":false,"_links":{"self":[{"href":"https:\/\/keinesweibesknecht.de\/index.php?rest_route=\/wp\/v2\/pages\/183"}],"collection":[{"href":"https:\/\/keinesweibesknecht.de\/index.php?rest_route=\/wp\/v2\/pages"}],"about":[{"href":"https:\/\/keinesweibesknecht.de\/index.php?rest_route=\/wp\/v2\/types\/page"}],"author":[{"embeddable":true,"href":"https:\/\/keinesweibesknecht.de\/index.php?rest_route=\/wp\/v2\/users\/1"}],"replies":[{"embeddable":true,"href":"https:\/\/keinesweibesknecht.de\/index.php?rest_route=%2Fwp%2Fv2%2Fcomments&post=183"}],"version-history":[{"count":63,"href":"https:\/\/keinesweibesknecht.de\/index.php?rest_route=\/wp\/v2\/pages\/183\/revisions"}],"predecessor-version":[{"id":2332,"href":"https:\/\/keinesweibesknecht.de\/index.php?rest_route=\/wp\/v2\/pages\/183\/revisions\/2332"}],"wp:attachment":[{"href":"https:\/\/keinesweibesknecht.de\/index.php?rest_route=%2Fwp%2Fv2%2Fmedia&parent=183"}],"curies":[{"name":"wp","href":"https:\/\/api.w.org\/{rel}","templated":true}]}}