{"id":1614,"date":"2021-05-04T16:07:04","date_gmt":"2021-05-04T16:07:04","guid":{"rendered":"https:\/\/keinesweibesknecht.de\/?page_id=1614"},"modified":"2022-10-02T06:30:08","modified_gmt":"2022-10-02T06:30:08","slug":"darstellungen","status":"publish","type":"page","link":"https:\/\/keinesweibesknecht.de\/?page_id=1614","title":{"rendered":"Darstellungen"},"content":{"rendered":"<p><img data-attachment-id=\"1984\" data-permalink=\"https:\/\/keinesweibesknecht.de\/?attachment_id=1984\" data-orig-file=\"https:\/\/keinesweibesknecht.de\/wp-content\/uploads\/2021\/06\/Header-KWK-neua2.png\" data-orig-size=\"1280,550\" data-comments-opened=\"1\" data-image-meta=\"{&quot;aperture&quot;:&quot;0&quot;,&quot;credit&quot;:&quot;&quot;,&quot;camera&quot;:&quot;&quot;,&quot;caption&quot;:&quot;&quot;,&quot;created_timestamp&quot;:&quot;0&quot;,&quot;copyright&quot;:&quot;&quot;,&quot;focal_length&quot;:&quot;0&quot;,&quot;iso&quot;:&quot;0&quot;,&quot;shutter_speed&quot;:&quot;0&quot;,&quot;title&quot;:&quot;&quot;,&quot;orientation&quot;:&quot;0&quot;}\" data-image-title=\"Header-KWK-neua2\" data-image-description=\"\" data-image-caption=\"\" data-medium-file=\"https:\/\/keinesweibesknecht.de\/wp-content\/uploads\/2021\/06\/Header-KWK-neua2-300x129.png\" data-large-file=\"https:\/\/keinesweibesknecht.de\/wp-content\/uploads\/2021\/06\/Header-KWK-neua2-845x363.png\" decoding=\"async\" loading=\"lazy\" class=\"aligncenter wp-image-1984 size-full\" src=\"https:\/\/keinesweibesknecht.de\/wp-content\/uploads\/2021\/06\/Header-KWK-neua2.png\" alt=\"\" width=\"1280\" height=\"550\" srcset=\"https:\/\/keinesweibesknecht.de\/wp-content\/uploads\/2021\/06\/Header-KWK-neua2.png 1280w, https:\/\/keinesweibesknecht.de\/wp-content\/uploads\/2021\/06\/Header-KWK-neua2-300x129.png 300w, https:\/\/keinesweibesknecht.de\/wp-content\/uploads\/2021\/06\/Header-KWK-neua2-845x363.png 845w\" sizes=\"(max-width: 1280px) 100vw, 1280px\" \/><\/p>\n<p>Diese Seite (noch im Aufbau) soll ein kurzen Einblick in unseren unterschiedlichen Darstellungen zeigen. Vom sp\u00e4ten <strong>15. Jahrhundert<\/strong>, dem <strong>16. jahrhundert<\/strong> und dem <strong>17. Jahrhundert<\/strong>. Unsere Schwerpunkt liegt jedoch beim sp\u00e4ten 15. Jahrhunder bis ins fr\u00fche 16. Jahrhundert. Zudem wollen wir euch hier einen kleinen Einblick in unser &#8222;<strong>Zeughaus<\/strong>&#8220; bieten.<\/p>\n<p><img data-attachment-id=\"1958\" data-permalink=\"https:\/\/keinesweibesknecht.de\/?attachment_id=1958\" data-orig-file=\"https:\/\/keinesweibesknecht.de\/wp-content\/uploads\/2021\/06\/landsknecht1.png\" data-orig-size=\"1429,2524\" data-comments-opened=\"1\" data-image-meta=\"{&quot;aperture&quot;:&quot;0&quot;,&quot;credit&quot;:&quot;&quot;,&quot;camera&quot;:&quot;&quot;,&quot;caption&quot;:&quot;&quot;,&quot;created_timestamp&quot;:&quot;0&quot;,&quot;copyright&quot;:&quot;&quot;,&quot;focal_length&quot;:&quot;0&quot;,&quot;iso&quot;:&quot;0&quot;,&quot;shutter_speed&quot;:&quot;0&quot;,&quot;title&quot;:&quot;&quot;,&quot;orientation&quot;:&quot;0&quot;}\" data-image-title=\"landsknecht1\" data-image-description=\"\" data-image-caption=\"\" data-medium-file=\"https:\/\/keinesweibesknecht.de\/wp-content\/uploads\/2021\/06\/landsknecht1-170x300.png\" data-large-file=\"https:\/\/keinesweibesknecht.de\/wp-content\/uploads\/2021\/06\/landsknecht1-580x1024.png\" decoding=\"async\" loading=\"lazy\" class=\"alignleft wp-image-1958\" src=\"https:\/\/keinesweibesknecht.de\/wp-content\/uploads\/2021\/06\/landsknecht1-580x1024.png\" alt=\"\" width=\"283\" height=\"500\" srcset=\"https:\/\/keinesweibesknecht.de\/wp-content\/uploads\/2021\/06\/landsknecht1-580x1024.png 580w, https:\/\/keinesweibesknecht.de\/wp-content\/uploads\/2021\/06\/landsknecht1-170x300.png 170w, https:\/\/keinesweibesknecht.de\/wp-content\/uploads\/2021\/06\/landsknecht1-870x1536.png 870w, https:\/\/keinesweibesknecht.de\/wp-content\/uploads\/2021\/06\/landsknecht1-1160x2048.png 1160w, https:\/\/keinesweibesknecht.de\/wp-content\/uploads\/2021\/06\/landsknecht1.png 1429w\" sizes=\"(max-width: 283px) 100vw, 283px\" \/><\/p>\n<h1><\/h1>\n<p>&nbsp;<\/p>\n<p>&nbsp;<\/p>\n<h1><\/h1>\n<h1>Was wir machen<\/h1>\n<ul>\n<li><strong>Reenactment<\/strong> (englisch f\u00fcr \u201aWiederauff\u00fchrung\u2018, \u201aNachstellung\u2018) nennt man die Inszenierung konkreter geschichtlicher Ereignisse in m\u00f6glichst authentischer Art und Weise.<\/li>\n<li style=\"text-align: left;\"><strong>Living History<\/strong> (englisch f\u00fcr \u201egelebte Geschichte\u201c) nennt man die Darstellung historischer Lebenswelten durch Personen, deren Kleidung, Ausr\u00fcstung und Gebrauchsgegenst\u00e4nde in Material und Stil m\u00f6glichst realistisch der dargestellten Epoche entsprechen.<\/li>\n<\/ul>\n<p style=\"text-align: right;\"><em>Quelle: Wikipedia<\/em><\/p>\n<p>&nbsp;<\/p>\n<p>&nbsp;<\/p>\n<p><em>Landsknecht aus der ersten H\u00e4lfte des 16. Jahrhunderts (wohlgen\u00e4hrte Ausf\u00fchrung)<br \/>\nmit &#8222;Kriegshammer&#8220; und Katzbalger<\/em><\/p>\n<p>&nbsp;<\/p>\n<p style=\"text-align: right;\"><em><span class=\"gvxzyvdx aeinzg81 t7p7dqev gh25dzvf tb6i94ri gupuyl1y i2onq4tn b6ax4al1 gem102v4 ncib64c9 mrvwc6qr sx8pxkcf f597kf1v cpcgwwas m2nijcs8 hxfwr5lz k1z55t6l oog5qr5w tes86rjd pbevjfx6 ztn2w49o\" dir=\"auto\">Musketier nach Jacob de Gheyn<\/span> (17. Jahrhundert)<\/em><\/p>\n<p style=\"text-align: right;\"><img data-attachment-id=\"2288\" data-permalink=\"https:\/\/keinesweibesknecht.de\/?attachment_id=2288\" data-orig-file=\"https:\/\/keinesweibesknecht.de\/wp-content\/uploads\/2022\/10\/musketier.png\" data-orig-size=\"1143,1143\" data-comments-opened=\"1\" data-image-meta=\"{&quot;aperture&quot;:&quot;0&quot;,&quot;credit&quot;:&quot;&quot;,&quot;camera&quot;:&quot;&quot;,&quot;caption&quot;:&quot;&quot;,&quot;created_timestamp&quot;:&quot;0&quot;,&quot;copyright&quot;:&quot;&quot;,&quot;focal_length&quot;:&quot;0&quot;,&quot;iso&quot;:&quot;0&quot;,&quot;shutter_speed&quot;:&quot;0&quot;,&quot;title&quot;:&quot;&quot;,&quot;orientation&quot;:&quot;0&quot;}\" data-image-title=\"musketier\" data-image-description=\"\" data-image-caption=\"\" data-medium-file=\"https:\/\/keinesweibesknecht.de\/wp-content\/uploads\/2022\/10\/musketier-300x300.png\" data-large-file=\"https:\/\/keinesweibesknecht.de\/wp-content\/uploads\/2022\/10\/musketier-845x845.png\" decoding=\"async\" loading=\"lazy\" class=\"wp-image-2288 alignright\" src=\"https:\/\/keinesweibesknecht.de\/wp-content\/uploads\/2022\/10\/musketier.png\" alt=\"\" width=\"460\" height=\"460\" srcset=\"https:\/\/keinesweibesknecht.de\/wp-content\/uploads\/2022\/10\/musketier.png 1143w, https:\/\/keinesweibesknecht.de\/wp-content\/uploads\/2022\/10\/musketier-300x300.png 300w, https:\/\/keinesweibesknecht.de\/wp-content\/uploads\/2022\/10\/musketier-845x845.png 845w, https:\/\/keinesweibesknecht.de\/wp-content\/uploads\/2022\/10\/musketier-150x150.png 150w\" sizes=\"(max-width: 460px) 100vw, 460px\" \/><\/p>\n<h1>Aus dem Zeughaus<\/h1>\n<p>Bei \u201e<strong>Zeug<\/strong>\u201c handelt es sich um ein Wort, welches im Mittelalter ein \u00dcberbegriff f\u00fcr ein Sammelsurium an Dingen darstellte, welche man im kriegerischen Konflikt ben\u00f6tigte: Waffen, R\u00fcstzeug, Kanonen, etc. und Zubeh\u00f6r im weitesten Sinne.<\/p>\n<ul>\n<li><a href=\"https:\/\/keinesweibesknecht.de\/?page_id=2030\">Handfeuerwaffen<\/a><\/li>\n<li>weitere Unterpunkte sind in Planung<\/li>\n<\/ul>\n<p>&nbsp;<\/p>\n","protected":false},"excerpt":{"rendered":"<p>Diese Seite (noch im Aufbau) soll ein kurzen Einblick in unseren unterschiedlichen Darstellungen zeigen. Vom sp\u00e4ten 15. Jahrhundert, dem 16. jahrhundert und dem 17. Jahrhundert. Unsere Schwerpunkt liegt jedoch beim sp\u00e4ten 15. Jahrhunder bis ins fr\u00fche 16. Jahrhundert. Zudem wollen wir euch hier einen kleinen Einblick in unser &#8222;Zeughaus&#8220; bieten. &nbsp; &nbsp; Was wir machen [&hellip;]<\/p>\n","protected":false},"author":1,"featured_media":0,"parent":0,"menu_order":0,"comment_status":"closed","ping_status":"closed","template":"","meta":{"ocean_post_layout":"","ocean_both_sidebars_style":"","ocean_both_sidebars_content_width":0,"ocean_both_sidebars_sidebars_width":0,"ocean_sidebar":"0","ocean_second_sidebar":"0","ocean_disable_margins":"on","ocean_add_body_class":"","ocean_shortcode_before_top_bar":"","ocean_shortcode_after_top_bar":"","ocean_shortcode_before_header":"","ocean_shortcode_after_header":"","ocean_has_shortcode":"","ocean_shortcode_after_title":"","ocean_shortcode_before_footer_widgets":"","ocean_shortcode_after_footer_widgets":"","ocean_shortcode_before_footer_bottom":"","ocean_shortcode_after_footer_bottom":"","ocean_display_top_bar":"default","ocean_display_header":"default","ocean_header_style":"transparent","ocean_center_header_left_menu":"0","ocean_custom_header_template":"0","ocean_custom_logo":0,"ocean_custom_retina_logo":0,"ocean_custom_logo_max_width":0,"ocean_custom_logo_tablet_max_width":0,"ocean_custom_logo_mobile_max_width":0,"ocean_custom_logo_max_height":0,"ocean_custom_logo_tablet_max_height":0,"ocean_custom_logo_mobile_max_height":0,"ocean_header_custom_menu":"0","ocean_menu_typo_font_family":"0","ocean_menu_typo_font_subset":"","ocean_menu_typo_font_size":0,"ocean_menu_typo_font_size_tablet":0,"ocean_menu_typo_font_size_mobile":0,"ocean_menu_typo_font_size_unit":"px","ocean_menu_typo_font_weight":"","ocean_menu_typo_font_weight_tablet":"","ocean_menu_typo_font_weight_mobile":"","ocean_menu_typo_transform":"","ocean_menu_typo_transform_tablet":"","ocean_menu_typo_transform_mobile":"","ocean_menu_typo_line_height":0,"ocean_menu_typo_line_height_tablet":0,"ocean_menu_typo_line_height_mobile":0,"ocean_menu_typo_line_height_unit":"","ocean_menu_typo_spacing":0,"ocean_menu_typo_spacing_tablet":0,"ocean_menu_typo_spacing_mobile":0,"ocean_menu_typo_spacing_unit":"","ocean_menu_link_color":"","ocean_menu_link_color_hover":"","ocean_menu_link_color_active":"","ocean_menu_link_background":"","ocean_menu_link_hover_background":"","ocean_menu_link_active_background":"","ocean_menu_social_links_bg":"","ocean_menu_social_hover_links_bg":"","ocean_menu_social_links_color":"","ocean_menu_social_hover_links_color":"","ocean_disable_title":"default","ocean_disable_heading":"default","ocean_post_title":"","ocean_post_subheading":"","ocean_post_title_style":"","ocean_post_title_background_color":"","ocean_post_title_background":0,"ocean_post_title_bg_image_position":"","ocean_post_title_bg_image_attachment":"","ocean_post_title_bg_image_repeat":"","ocean_post_title_bg_image_size":"","ocean_post_title_height":0,"ocean_post_title_bg_overlay":0.5,"ocean_post_title_bg_overlay_color":"","ocean_disable_breadcrumbs":"default","ocean_breadcrumbs_color":"","ocean_breadcrumbs_separator_color":"","ocean_breadcrumbs_links_color":"","ocean_breadcrumbs_links_hover_color":"","ocean_display_footer_widgets":"default","ocean_display_footer_bottom":"default","ocean_custom_footer_template":"0","jetpack_post_was_ever_published":false},"jetpack_sharing_enabled":false,"jetpack_shortlink":"https:\/\/wp.me\/P7AkNx-q2","jetpack_likes_enabled":false,"_links":{"self":[{"href":"https:\/\/keinesweibesknecht.de\/index.php?rest_route=\/wp\/v2\/pages\/1614"}],"collection":[{"href":"https:\/\/keinesweibesknecht.de\/index.php?rest_route=\/wp\/v2\/pages"}],"about":[{"href":"https:\/\/keinesweibesknecht.de\/index.php?rest_route=\/wp\/v2\/types\/page"}],"author":[{"embeddable":true,"href":"https:\/\/keinesweibesknecht.de\/index.php?rest_route=\/wp\/v2\/users\/1"}],"replies":[{"embeddable":true,"href":"https:\/\/keinesweibesknecht.de\/index.php?rest_route=%2Fwp%2Fv2%2Fcomments&post=1614"}],"version-history":[{"count":26,"href":"https:\/\/keinesweibesknecht.de\/index.php?rest_route=\/wp\/v2\/pages\/1614\/revisions"}],"predecessor-version":[{"id":2289,"href":"https:\/\/keinesweibesknecht.de\/index.php?rest_route=\/wp\/v2\/pages\/1614\/revisions\/2289"}],"wp:attachment":[{"href":"https:\/\/keinesweibesknecht.de\/index.php?rest_route=%2Fwp%2Fv2%2Fmedia&parent=1614"}],"curies":[{"name":"wp","href":"https:\/\/api.w.org\/{rel}","templated":true}]}}